 tens digit of y?
2
What is the tens digit of 1/(3/15621) + (-32)/(-8)?
1
Let w = 4139 + -2423. What is the tens digit of w?
1
Let a be 10 - 12 - (-6 - -1). Suppose -3*k - 12 = 0, -2*k = -a*i + 217 - 11. What is the units digit of i?
6
Let t(g) = 2*g**2 - 22 + 15*g + 32 - 14. What is the tens digit of t(6)?
5
Let d be 1*((-5 - 0) + 3). What is the tens digit of (-18 + 170)*(-1)/d?
7
Let l = -976 - -1747. What is the tens digit of l?
7
Let t be (-1)/(1 + -3)*2. Let n be (-5)/(-1) - (1 - t). Let i(h) = -h**3 + 6*h**2 + h - 6. What is the tens digit of i(n)?
2
Let u be -1 + 0 + -3 - -20. Let j = 22 - u. What is the tens digit of j/(-27) + (-317)/(-9)?
3
Suppose -19*u + 1780 = -1982. What is the units digit of u?
8
What is the units digit of (-1336)/12*(-27)/6?
1
Let x(j) = 3*j**2 - j + 1. Suppose 3*w = 2*w - 2. What is the tens digit of x(w)?
1
Let a(i) be the second derivative of i**4/12 + 2*i**3/3 - i**2/2 + 10*i. Let n be a(-5). Suppose -1 - 7 = -n*q. What is the units digit of q?
2
Let g be 36/7 + (15/(-7) - -2). Suppose -78 = -3*d - 18. Suppose 3*z + d = g*z. What is the units digit of z?
0
Suppose 2*h + k + 16 = -3*k, 6 = h - 5*k. What is the tens digit of 61*2 + (1 - -7)/h?
2
Let m be 0 + (7 - 2) - 3. Suppose -z - 5 = -m*j, -4*j = -4*z - z - 7. What is the units digit of j/(-6)*(-69 + 1)?
4
Suppose -6*o + 5*o = 0. Suppose 0 = 3*h + 3*a - 3, 3*h + 2*a = -o*h + 3. What is the units digit of h?
1
Suppose -24 = 20*o - 24*o. What is the units digit of 1/(2/107)*(o + -4)?
7
What is the units digit of ((-1)/(2/6))/((-6)/7352)?
6
What is the tens digit of 2801*(-3 - -9 - 5)?
0
Let q(h) = h**2 - 7*h + 4. Let i be q(7). Let v be i/(-8) + 25/2. What is the units digit of 12/16 - (-231)/v?
0
What is the hundreds digit of (630/(-175))/((-2)/390)?
7
Suppose -7*j = -4*t - 3*j + 412, 414 = 4*t - 2*j. Suppose -t = -15*n + 11*n. What is the tens digit of n?
2
Suppose -5*i + u + 34 = 0, -5*i + u - 4*u = -38. Suppose i*p = 9*p - 154. What is the units digit of p?
7
Let t(s) = -s**3 + 23*s**2 + 7. What is the units digit of t(23)?
7
Let g = -1316 + 1886. What is the units digit of g?
0
Let g = 24 - 30. Let a = 8 + g. What is the units digit of (-1)/(a*(-1)/4)?
2
What is the units digit of 5419/13 + (168/78)/14?
7
Let y(o) = -o**2 - 33*o + 12. What is the hundreds digit of y(-22)?
2
Suppose -r + 4 = -3*b - 3*r, -r + 3 = 4*b. Suppose 5*s + 1164 = 4*o, 0*o = b*o - 5*s - 572. What is the hundreds digit of o?
2
Suppose 841*r = 843*r - 5610. What is the hundreds digit of r?
8
Let l = -15 + 6. Let p be l/((-36)/16) + -8. Let r(j) = j**3 + 4*j**2 - 2*j + 2. What is the tens digit of r(p)?
1
Suppose 0 = -171*r + 167*r + 1140. What is the hundreds digit of r?
2
Suppose -2*j + 4152 = -3*v, -j - 2*v + 7*v + 2069 = 0. What is the units digit of j?
9
Let d = -334 + 189. Let b = -56 - d. What is the tens digit of b?
8
Let g = 29 + -25. Let i be ((-18)/(-15))/((-3)/(-230)). Suppose 0*v - i = -g*v. What is the units digit of v?
3
Let k(h) = h**2 - h + 2. Let u be k(7). Let f = 88 - u. What is the tens digit of f?
4
Let r(k) = k**2 + 9*k + 9. Let v be r(-3). What is the units digit of (0 + 1)/(v/6435*-5)?
3
Let u(c) = 201*c - 429. What is the hundreds digit of u(22)?
9
Suppose -10*k + 12*k + 616 = 0. Let j = -218 - k. What is the tens digit of j?
9
Let c be (2/4)/(3/24). What is the tens digit of (c + -4 - -37)*2?
7
Suppose 2*c = -2*c + 3*f - 425, -4*c - 4*f = 460. Let p = c - -189. What is the units digit of p?
9
Let n(t) = t**3 + 4*t**2 - 20*t + 283. What is the thousands digit of n(10)?
1
Let h(u) = 294*u**2 + 11*u + 18. What is the tens digit of h(-2)?
7
Suppose -6*j + 16 = -10*j. What is the tens digit of (62/j + 20/(-5))*-2?
3
Let u(o) = 7*o**2 - 6*o + 17. Suppose -14*m - 50 - 34 = 0. What is the units digit of u(m)?
5
Suppose 0 = -4*u + 5*i + 9707, -4855 = -42*u + 40*u + i. What is the thousands digit of u?
2
Let o(v) = 17*v**2 - 14*v - 25. What is the tens digit of o(-8)?
7
Let d be (-2)/(-3) + (-330)/(-18). Let b = 63 + d. Suppose -2*n - 2*k + b = 0, 3*n = -2*n - 4*k + 206. What is the units digit of n?
2
Let b(u) = u**2 + 6*u - 10. Let k be b(-14). Let o = 152 - k. What is the tens digit of o?
5
Let a(t) = -2*t**2 - 2*t. Let n be a(-2). Let x be 5 - n/8*0. Suppose -2 = -c, -c = -x*j + 91 + 7. What is the units digit of j?
0
Let z(k) = 3*k**3 - 2*k**2 - 3*k. Let t be z(-2). Let w be 38 - 3 - 0/3. Let v = t + w. What is the units digit of v?
9
Suppose 5*c = s - 5, -5*c - 3*s = -9 - 6. What is the tens digit of -1 + c - (-8 + -34)?
4
Let c(t) be the first derivative of 1/3*t**3 + t**2 - t - 9. What is the units digit of c(-3)?
2
Let r(l) = 3*l**2 - 11*l + 6. Let o(v) = v**2 + 4*v - 8. Let t be o(-6). Let n be r(t). Let m = 17 + n. What is the tens digit of m?
2
Let p be (1422/(-4))/(-9)*2. Suppose 0 = -3*v + 5 + p. What is the tens digit of v?
2
Let j be (-18)/(-10) + (-1)/(-5). Suppose i + j*n - 66 = 0, 3*i + 3*n - 216 = 6*n. What is the tens digit of i?
7
Let j = 52 - 48. Suppose -354 = -10*u + j*u. What is the tens digit of u?
5
Let v be -27 - -139 - ((-8)/2)/2. Suppose 109*z = v*z - 1525. What is the tens digit of z?
0
Suppose k - 599 + 78 = -t, 3*t = 5*k - 2645. What is the tens digit of k?
2
Suppose -5*g = -g, -5*g = -3*i + 432. Let u = i - 99. What is the tens digit of u?
4
Let q = -92 - -94. Let v(m) = m**3 + 2*m**2 - 6*m + 6. What is the tens digit of v(q)?
1
Let j(k) = -2*k - 7. Suppose -4*y + a - 2*a + 8 = 0, -2*y + 4 = 4*a. Suppose 33 = -y*d - d. What is the units digit of j(d)?
5
Let t = 100 - 24. Suppose -4*q + t = -164. What is the units digit of q?
0
Let m(j) be the third derivative of 5/6*j**3 + 7/24*j**4 + 1/60*j**5 + 0 + 13*j**2 + 0*j. What is the tens digit of m(-12)?
6
Let q(h) = 42*h**2 - 47*h + 26. What is the units digit of q(9)?
5
Let j be (4/12 + 0)*9. Suppose j*a + 1653 = -210. What is the tens digit of (-2)/3*a/18?
2
Let n = 1136 - -384. What is the hundreds digit of n?
5
Suppose -5*w = 2*i + 221, -42 = -2*i - 3*w - 269. What is the units digit of (1 + -2)/(-1 - 116/i)?
9
Let d be (0 + 6)*(-80)/(-12). Suppose -3*y = -y - d. Suppose 0 = -c - 2*u + y, -u + 3*u + 84 = 3*c. What is the tens digit of c?
2
Let o = -2137 + 4140. What is the units digit of o?
3
Let d be 1 + -3 + (2 - -5). Let a be 12 + (d + -1)/2. What is the tens digit of a - (-4 - -1 - -1)?
1
Let m(z) = -67*z**3 - z**2 - 2*z + 3. What is the units digit of m(-2)?
9
Suppose -p + s = -199, 0 = 2*p + s - 314 - 81. Suppose -2*j + 518 = p. What is the hundreds digit of j?
1
Let y = -19 - -20. What is the units digit of (-2)/y*(-201)/6?
7
What is the hundreds digit of (-3 - 8)*-43 + (1 - 0)?
4
What is the tens digit of 379 - -5*6/(-5)?
7
Suppose 7135 = -10*o + 15*o. What is the tens digit of o?
2
Let i be 1*27*-7*(-14)/147. What is the hundreds digit of 2794/i - 2/18*2?
1
Let b = 37 - 39. What is the tens digit of (765/(-6) + 6 + b)*-2?
4
Let y be (-4)/18 + 1405/45 + -3. Let z = 158 - y. What is the hundreds digit of z?
1
Let c = 183 - 121. Let s = 104 + c. What is the tens digit of s?
6
Suppose -4*o + 0*o = -4. Let r be ((-12)/8 + o)*-2. Suppose g - r = -0*g. What is the units digit of g?
1
Let b(d) = d**2 + 11*d + 14. Let v(h) = -2*h**2 - 10*h - 13. Let s(n) = 3*b(n) + 2*v(n). What is the units digit of s(10)?
6
Let d(b) = -8*b**3 - 2*b - 1. Suppose j + 3 = -2*j. Let l be d(j). What is the units digit of (-5 - -1)/((-2)/l)?
8
Let y = -4100 - -5827. What is the units digit of y?
7
Suppose -3*b = -n - 1182, 29*b + 4*n = 28*b + 381. What is the tens digit of b?
9
Let g be 1*(2 - 6/2). Let i(t) be the third derivative of 14*t**5/15 - t**4/8 - t**3/3 - 44*t**2 - t. What is the units digit of i(g)?
7
Let f be ((-9)/18)/((2/(-20))/1). Suppose -k + 594 = f*k. What is the tens digit of k?
9
Let x(k) = 2*k + 7. Let f be x(-3). Let a(c) = 203*c**2 + 8*c - 7. What is the tens digit of a(f)?
0
Let x(s) = s**3 + 4*s**2 - 9*s - 17. Let t(y) = 5*y + 20. Let r be t(-5). What is the units digit of x(r)?
3
Let k = 803 + -464. What is the units digit of k?
9
Let d = 291 - 244. What is the units digit of d?
7
Suppose 5*r - 3*f = -0*f + 45, r - f = 7. Suppose 5*u - 28 = r. Suppose 95 = o - 5*j, 4*o + j = u*o - 285. What is the units digit of o?
0
Let g be 24/(-27)*3 - 2/6. What is the hundreds digit of 